 3011
What are the prime factors of 6643?
7, 13, 73
What are the prime factors of 136191?
3, 11, 4127
What are the prime factors of 24308?
2, 59, 103
List the prime factors of 3444.
2, 3, 7, 41
What are the prime factors of 100?
2, 5
What are the prime factors of 119?
7, 17
List the prime factors of 27129.
3, 9043
List the prime factors of 940.
2, 5, 47
What are the prime factors of 8967?
3, 7, 61
List the prime factors of 391.
17, 23
What are the prime factors of 19660?
2, 5, 983
What are the prime factors of 16813?
17, 23, 43
What are the prime factors of 100224?
2, 3, 29
What are the prime factors of 15305?
5, 3061
List the prime factors of 201.
3, 67
What are the prime factors of 65917?
29, 2273
What are the prime factors of 6590?
2, 5, 659
What are the prime factors of 3712?
2, 29
What are the prime factors of 26524?
2, 19, 349
List the prime factors of 2104.
2, 263
What are the prime factors of 7958?
2, 23, 173
What are the prime factors of 9321?
3, 13, 239
List the prime factors of 20201.
20201
List the prime factors of 2384.
2, 149
List the prime factors of 2763.
3, 307
List the prime factors of 3239.
41, 79
What are the prime factors of 3571?
3571
What are the prime factors of 382?
2, 191
What are the prime factors of 17983?
7, 367
List the prime factors of 30015.
3, 5, 23, 29
What are the prime factors of 970?
2, 5, 97
What are the prime factors of 88116?
2, 3, 7, 1049
What are the prime factors of 38465?
5, 7, 157
List the prime factors of 1577.
19, 83
What are the prime factors of 1004?
2, 251
What are the prime factors of 75608?
2, 13, 727
What are the prime factors of 5144?
2, 643
What are the prime factors of 15948?
2, 3, 443
What are the prime factors of 551?
19, 29
List the prime factors of 44731.
41, 1091
What are the prime factors of 12894?
2, 3, 7, 307
What are the prime factors of 102692?
2, 25673
What are the prime factors of 890?
2, 5, 89
What are the prime factors of 943?
23, 41
List the prime factors of 809.
809
List the prime factors of 2694.
2, 3, 449
What are the prime factors of 3297?
3, 7, 157
List the prime factors of 2460.
2, 3, 5, 41
What are the prime factors of 22408?
2, 2801
What are the prime factors of 484?
2, 11
What are the prime factors of 2565?
3, 5, 19
List the prime factors of 9578.
2, 4789
List the prime factors of 10013.
17, 19, 31
What are the prime factors of 6834?
2, 3, 17, 67
What are the prime factors of 2935?
5, 587
What are the prime factors of 35803?
35803
List the prime factors of 98113.
41, 2393
List the prime factors of 72.
2, 3
What are the prime factors of 563?
563
What are the prime factors of 4079?
4079
What are the prime factors of 1835?
5, 367
What are the prime factors of 2224?
2, 139
List the prime factors of 365.
5, 73
What are the prime factors of 3881?
3881
List the prime factors of 333.
3, 37
List the prime factors of 1104.
2, 3, 23
List the prime factors of 14327.
14327
List the prime factors of 2685.
3, 5, 179
List the prime factors of 167.
167
List the prime factors of 4659.
3, 1553
List the prime factors of 404.
2, 101
What are the prime factors of 2031?
3, 677
List the prime factors of 880.
2, 5, 11
What are the prime factors of 1548?
2, 3, 43
What are the prime factors of 1003?
17, 59
List the prime factors of 865.
5, 173
What are the prime factors of 13742?
2, 6871
What are the prime factors of 12417?
3, 4139
What are the prime factors of 56466?
2, 3, 3137
List the prime factors of 17587.
43, 409
What are the prime factors of 183?
3, 61
What are the prime factors of 11753?
7, 23, 73
List the prime factors of 697.
17, 41
What are the prime factors of 23635?
5, 29, 163
What are the prime factors of 30696?
2, 3, 1279
List the prime factors of 19996.
2, 4999
What are the prime factors of 133991?
11, 13, 937
List the prime factors of 14246.
2, 17, 419
List the prime factors of 1734.
2, 3, 17
List the prime factors of 26684.
2, 7, 953
List the prime factors of 1282.
2, 641
What are the prime factors of 5512?
2, 13, 53
List the prime factors of 2081.
2081
List the prime factors of 2003.
2003
List the prime factors of 3394.
2, 1697
What are the prime factors of 303?
3, 101
What are the prime factors of 19425?
3, 5, 7, 37
List the prime factors of 130984.
2, 7, 2339
List the prime factors of 172732.
2, 7, 31, 199
List the prime factors of 445.
5, 89
List the prime factors of 18836.
2, 17, 277
List the prime factors of 10131.
3, 11, 307
List the prime factors of 90201.
3, 107, 281
What are the prime factors of 5648?
2, 353
What are the prime factors of 201?
3, 67
List the prime factors of 1066.
2, 13, 41
List the prime factors of 2017.
2017
What are the prime factors of 3236?
2, 809
What are the prime factors of 35448?
2, 3, 7, 211
What are the prime factors of 87683?
87683
What are the prime factors of 54358?
2, 27179
List the prime factors of 1169.
7, 167
List the prime factors of 89342.
2, 11, 31, 131
What are the prime factors of 5484?
2, 3, 457
What are the prime factors of 10615?
5, 11, 193
What are the prime factors of 16900?
2, 5, 13
What are the prime factors of 33260?
2, 5, 1663
What are the prime factors of 56700?
2, 3, 5, 7
What are the prime factors of 7472?
2, 467
List the prime factors of 918.
2, 3, 17
List the prime factors of 4081.
7, 11, 53
List the prime factors of 55902.
2, 3, 7, 11
What are the prime factors of 2395?
5, 479
What are the prime factors of 63909?
3, 263
List the prime factors of 546.
2, 3, 7, 13
What are the prime factors of 342?
2, 3, 19
What are the prime factors of 1121?
19, 59
List the prime factors of 217.
7, 31
What are the prime factors of 36055?
5, 7211
List the prime factors of 37893.
3, 17, 743
What are the prime factors of 2161?
2161
List the prime factors of 145935.
3, 5, 23, 47
What are the prime factors of 7046?
2, 13, 271
List the prime factors of 37487.
19, 1973
List the prime factors of 82631.
19, 4349
What are the prime factors of 40092?
2, 3, 13, 257
List the prime factors of 38868.
2, 3, 41, 79
What are the prime factors of 100767?
3, 33589
What are the prime factors of 479?
479
What are the prime factors of 53534?
2, 13, 29, 71
What are the prime factors of 97064?
2, 11, 1103
List the prime factors of 7116.
2, 3, 593
List the prime factors of 15553.
103, 151
What are the prime factors of 10700?
2, 5, 107
What are the prime factors of 9798?
2, 3, 23, 71
What are the prime factors of 42?
2, 3, 7
What are the prime factors of 42347?
17, 47, 53
List the prime factors of 158507.
158507
List the prime factors of 1930.
2, 5, 193
What are the prime factors of 17723?
37, 479
List the prime factors of 11479.
13, 883
What are the prime factors of 167069?
7, 29, 823
What are the prime factors of 81?
3
What are the prime factors of 7494?
2, 3, 1249
List the prime factors of 38388.
2, 3, 7, 457
List the prime factors of 82410.
2, 3, 5, 41, 67
List the prime factors of 6394.
2, 23, 139
What are the prime factors of 3199?
7, 457
What are the prime factors of 9576?
2, 3, 7, 19
What are the prime factors of 14823?
3, 61
What are the prime factors of 7014?
2, 3, 7, 167
What are the prime factors of 11367?
3, 421
List the prime factors of 1976.
2, 13, 19
List the prime factors of 11854.
2, 5927
What are the prime factors of 2347?
2347
What are the prime factors of 609?
3, 7, 29
List the prime factors of 30900.
2, 3, 5, 103
What are the prime factors of 35756?
2, 7, 1277
List the prime factors of 1974.
2, 3, 7, 47
What are the prime factors of 2343?
3, 11, 71
What are the prime factors of 65538?
2, 3, 11, 331
What are the prime factors of 1188?
2, 3, 11
List the prime factors of 5303.
5303
List the prime factors of 2943.
3, 109
List the prime factors of 44062.
2, 22031
What are the prime factors of 1586?
2, 13, 61
List the prime factors of 414.
2, 3, 23
What are the prime factors of 41773?
37, 1129
What are the prime factors of 13126?
2, 6563
What are the prime factors of 37128?
2, 3, 7, 13, 17
List the prime factors of 36103.
79, 457
List the prime factors of 64.
2
List the prime factors of 559.
13, 43
List the prime factors of 392.
2, 7
List the prime factors of 64548.
2, 3, 11, 163
List the prime factors of 734.
2, 367
What are the prime factors of 12431?
31, 401
What are the prime factors of 1093?
1093
List the prime factors of 563.
56